{"id":587,"date":"2024-08-27T15:14:30","date_gmt":"2024-08-27T13:14:30","guid":{"rendered":"https:\/\/www.bokedenn.fr\/?page_id=587"},"modified":"2024-09-01T11:51:07","modified_gmt":"2024-09-01T09:51:07","slug":"trouver-nos-fleurs","status":"publish","type":"page","link":"https:\/\/www.bokedenn.fr\/?page_id=587","title":{"rendered":"Lieux de vente"},"content":{"rendered":"\n<div class=\"wp-block-cover alignfull\" style=\"margin-top:0;margin-bottom:0;padding-top:0;padding-bottom:0;min-height:450px;aspect-ratio:unset;\"><span aria-hidden=\"true\" class=\"wp-block-cover__background has-background-dim-30 has-background-dim\" style=\"background-color:#735b3e\"><\/span><img fetchpriority=\"high\" decoding=\"async\" width=\"2560\" height=\"1707\" class=\"wp-block-cover__image-background wp-image-471\" alt=\"\" src=\"https:\/\/www.bokedenn.fr\/wp-content\/uploads\/2024\/08\/IMG_7734-scaled.jpg\" style=\"object-position:48% 33%\" data-object-fit=\"cover\" data-object-position=\"48% 33%\" srcset=\"https:\/\/www.bokedenn.fr\/wp-content\/uploads\/2024\/08\/IMG_7734-scaled.jpg 2560w, https:\/\/www.bokedenn.fr\/wp-content\/uploads\/2024\/08\/IMG_7734-300x200.jpg 300w, https:\/\/www.bokedenn.fr\/wp-content\/uploads\/2024\/08\/IMG_7734-1024x683.jpg 1024w, https:\/\/www.bokedenn.fr\/wp-content\/uploads\/2024\/08\/IMG_7734-768x512.jpg 768w, https:\/\/www.bokedenn.fr\/wp-content\/uploads\/2024\/08\/IMG_7734-1536x1024.jpg 1536w, https:\/\/www.bokedenn.fr\/wp-content\/uploads\/2024\/08\/IMG_7734-2048x1365.jpg 2048w\" sizes=\"(max-width: 2560px) 100vw, 2560px\" \/><div class=\"wp-block-cover__inner-container has-global-padding is-layout-constrained wp-container-core-cover-is-layout-6e7f18e7 wp-block-cover-is-layout-constrained\">\n<h1 class=\"wp-block-heading has-text-align-center has-young-serif-regular-font-family\" style=\"font-size:clamp(40.387px, 2.524rem + ((1vw - 3.2px) * 4.047), 76px);\">\u00e0 votre tour de fleurir. <\/h1>\n<\/div><\/div>\n\n\n\n<div class=\"wp-block-columns alignwide is-layout-flex wp-container-core-columns-is-layout-ca23dd7b wp-block-columns-is-layout-flex\" style=\"margin-top:100px;margin-bottom:70px\">\n<div class=\"wp-block-column is-layout-flow wp-block-column-is-layout-flow\" style=\"padding-top:0px;padding-right:0px;padding-bottom:0px;padding-left:0px\">\n<figure class=\"wp-block-image aligncenter size-full is-resized has-custom-border\"><img decoding=\"async\" width=\"1526\" height=\"2108\" src=\"https:\/\/www.bokedenn.fr\/wp-content\/uploads\/2024\/09\/IMG_7531.jpg\" alt=\"\" class=\"wp-image-718\" style=\"border-radius:22px;width:368px;height:auto\" srcset=\"https:\/\/www.bokedenn.fr\/wp-content\/uploads\/2024\/09\/IMG_7531.jpg 1526w, https:\/\/www.bokedenn.fr\/wp-content\/uploads\/2024\/09\/IMG_7531-217x300.jpg 217w, https:\/\/www.bokedenn.fr\/wp-content\/uploads\/2024\/09\/IMG_7531-741x1024.jpg 741w, https:\/\/www.bokedenn.fr\/wp-content\/uploads\/2024\/09\/IMG_7531-768x1061.jpg 768w, https:\/\/www.bokedenn.fr\/wp-content\/uploads\/2024\/09\/IMG_7531-1112x1536.jpg 1112w, https:\/\/www.bokedenn.fr\/wp-content\/uploads\/2024\/09\/IMG_7531-1483x2048.jpg 1483w\" sizes=\"(max-width: 1526px) 100vw, 1526px\" \/><\/figure>\n<\/div>\n\n\n\n<div class=\"wp-block-column is-vertically-aligned-center is-layout-flow wp-container-core-column-is-layout-3ca914a4 wp-block-column-is-layout-flow\" style=\"flex-basis:56%\">\n<h4 class=\"wp-block-heading has-text-color has-inter-font-family\" style=\"color:#536942;font-size:clamp(21.027px, 1.314rem + ((1vw - 3.2px) * 1.474), 34px);font-style:normal;font-weight:400;letter-spacing:-1px\">Bokedenn au march\u00e9 <\/h4>\n\n\n\n<p class=\"has-text-color\" style=\"color:#839376;padding-right:120px;font-size:clamp(14px, 0.875rem + ((1vw - 3.2px) * 0.455), 18px);\">Nos bouquets et tiges \u00e0 composer selon vos go\u00fbts et envies sont \u00e0 trouver depuis le d\u00e9but de l&rsquo;\u00e9t\u00e9 sur les march\u00e9s de Lannion (22) le jeudi et de Saint-Brieuc (22) le samedi. Vous trouverez sur le stand fleuri et color\u00e9 de Bokedenn de quoi fleurir \u00e0 votre go\u00fbt et pour chaque porte-monnaie.<\/p>\n\n\n\n<p class=\"has-text-color\" style=\"color:#839376;padding-right:120px;font-size:clamp(14px, 0.875rem + ((1vw - 3.2px) * 0.455), 18px);\">Aussi l&rsquo;occasion de venir discuter avec Isabelle des fleurs que vous aimez, de celles de vos jardins, ou simplement de venir voir nos fleurs. Les bouquets compos\u00e9s, comme les tiges propos\u00e9es varieront avec les saisons, jusqu&rsquo;au d\u00e9but de l&rsquo;hiver 2025. Et il y a aussi des fleurs s\u00e9ch\u00e9es !<\/p>\n\n\n\n<h3 class=\"wp-block-heading has-text-color\" style=\"color:#536942;font-size:clamp(15.197px, 0.95rem + ((1vw - 3.2px) * 0.887), 23px);font-style:normal;font-weight:400\">Les jeudis \u00e0 Lannion et samedis \u00e0 Saint-Brieuc<\/h3>\n\n\n\n<div class=\"wp-block-buttons is-layout-flex wp-block-buttons-is-layout-flex\">\n<div class=\"wp-block-button has-custom-font-size is-style-outline is-style-outline--1\" style=\"font-size:14px\"><a class=\"wp-block-button__link has-text-color has-background has-border-color wp-element-button\" href=\"https:\/\/www.instagram.com\/bokedenn.fermeflorale\/?utm_source=ig_web_button_share_sheet&amp;igsh=ZDNlZDc0MzIxNw%3D%3D\" style=\"border-color:#839376;border-width:1px;color:#536942;background-color:#ffffff;padding-top:11px;padding-right:30px;padding-bottom:11px;padding-left:30px\" target=\"_blank\" rel=\"noopener\">Les actus des march\u00e9s \u00e0 retrouver sur Instagram et Facebook <\/a><\/div>\n<\/div>\n<\/div>\n<\/div>\n\n\n\n<div class=\"wp-block-columns alignwide is-layout-flex wp-container-core-columns-is-layout-60dabb8b wp-block-columns-is-layout-flex\" style=\"margin-top:0px;margin-bottom:70px\">\n<div class=\"wp-block-column is-layout-flow wp-block-column-is-layout-flow\" style=\"padding-top:0px;padding-right:0px;padding-bottom:0px;padding-left:0px\">\n<figure class=\"wp-block-image aligncenter size-full is-resized has-custom-border\"><img decoding=\"async\" width=\"1707\" height=\"2560\" src=\"https:\/\/www.bokedenn.fr\/wp-content\/uploads\/2024\/08\/IMG_7536-scaled.jpg\" alt=\"\" class=\"wp-image-422\" style=\"border-radius:25px;width:372px;height:auto\" srcset=\"https:\/\/www.bokedenn.fr\/wp-content\/uploads\/2024\/08\/IMG_7536-scaled.jpg 1707w, https:\/\/www.bokedenn.fr\/wp-content\/uploads\/2024\/08\/IMG_7536-200x300.jpg 200w, https:\/\/www.bokedenn.fr\/wp-content\/uploads\/2024\/08\/IMG_7536-683x1024.jpg 683w, https:\/\/www.bokedenn.fr\/wp-content\/uploads\/2024\/08\/IMG_7536-768x1152.jpg 768w, https:\/\/www.bokedenn.fr\/wp-content\/uploads\/2024\/08\/IMG_7536-1024x1536.jpg 1024w, https:\/\/www.bokedenn.fr\/wp-content\/uploads\/2024\/08\/IMG_7536-1365x2048.jpg 1365w\" sizes=\"(max-width: 1707px) 100vw, 1707px\" \/><\/figure>\n<\/div>\n\n\n\n<div class=\"wp-block-column is-vertically-aligned-center is-layout-flow wp-container-core-column-is-layout-3ca914a4 wp-block-column-is-layout-flow\" style=\"flex-basis:56%\">\n<h4 class=\"wp-block-heading has-text-color has-inter-font-family\" style=\"color:#536942;font-size:clamp(21.027px, 1.314rem + ((1vw - 3.2px) * 1.474), 34px);font-style:normal;font-weight:400;letter-spacing:-1px\">Dans les points de vente partenaires<\/h4>\n\n\n\n<p class=\"has-text-color\" style=\"color:#839376;padding-right:120px;font-size:clamp(14px, 0.875rem + ((1vw - 3.2px) * 0.455), 18px);\">Bokedenn propose aussi ses bouquets compos\u00e9s dans certains magasins Biocoop des C\u00f4tes-d&rsquo;Armor, pour le moment, \u00e0 Saint-Agathon (Guingamp), Pordic &amp; Robien (Saint-Brieuc) ainsi qu&rsquo;au Potager de l&rsquo;Argoat \u00e0 Guingamp.<\/p>\n\n\n\n<p class=\"has-text-color\" style=\"color:#839376;padding-right:120px;font-size:clamp(14px, 0.875rem + ((1vw - 3.2px) * 0.455), 18px);\">Cette collaboration avec des points de vente dont nous adoptons les valeurs, appelle \u00e0 \u00eatre \u00e9largie. Si un endroit que vous fr\u00e9quentez ou vous travaillez pourrait \u00eatre int\u00e9ress\u00e9 par la vente de nos compositions, n&rsquo;h\u00e9sitez pas \u00e0 nous en faire part, toute proposition est bienvenue !<\/p>\n\n\n\n<h3 class=\"wp-block-heading has-text-color\" style=\"color:#536942;font-size:clamp(15.197px, 0.95rem + ((1vw - 3.2px) * 0.887), 23px);font-style:normal;font-weight:400\"><\/h3>\n\n\n\n<div class=\"wp-block-buttons is-layout-flex wp-block-buttons-is-layout-flex\">\n<div class=\"wp-block-button has-custom-font-size is-style-outline is-style-outline--2\" style=\"font-size:14px\"><a class=\"wp-block-button__link has-text-color has-background has-border-color wp-element-button\" href=\"https:\/\/www.bokedenn.fr\/?page_id=589\" style=\"border-color:#839376;border-width:1px;color:#536942;background-color:#ffffff;padding-top:11px;padding-right:30px;padding-bottom:11px;padding-left:30px\">vous souhaitez devenir point de vente<\/a><\/div>\n<\/div>\n<\/div>\n<\/div>\n\n\n\n<div class=\"wp-block-columns alignwide is-layout-flex wp-container-core-columns-is-layout-9e1216ef wp-block-columns-is-layout-flex\" style=\"margin-top:0px;margin-bottom:100px\">\n<div class=\"wp-block-column is-layout-flow wp-block-column-is-layout-flow\" style=\"padding-top:0px;padding-right:0px;padding-bottom:0px;padding-left:0px\">\n<figure class=\"wp-block-image aligncenter size-full is-resized has-custom-border\"><img loading=\"lazy\" decoding=\"async\" width=\"1707\" height=\"2560\" src=\"https:\/\/www.bokedenn.fr\/wp-content\/uploads\/2024\/08\/IMG_7714-scaled.jpg\" alt=\"\" class=\"wp-image-451\" style=\"border-radius:34px;width:382px;height:auto\" srcset=\"https:\/\/www.bokedenn.fr\/wp-content\/uploads\/2024\/08\/IMG_7714-scaled.jpg 1707w, https:\/\/www.bokedenn.fr\/wp-content\/uploads\/2024\/08\/IMG_7714-200x300.jpg 200w, https:\/\/www.bokedenn.fr\/wp-content\/uploads\/2024\/08\/IMG_7714-683x1024.jpg 683w, https:\/\/www.bokedenn.fr\/wp-content\/uploads\/2024\/08\/IMG_7714-768x1152.jpg 768w, https:\/\/www.bokedenn.fr\/wp-content\/uploads\/2024\/08\/IMG_7714-1024x1536.jpg 1024w, https:\/\/www.bokedenn.fr\/wp-content\/uploads\/2024\/08\/IMG_7714-1365x2048.jpg 1365w\" sizes=\"(max-width: 1707px) 100vw, 1707px\" \/><\/figure>\n<\/div>\n\n\n\n<div class=\"wp-block-column is-vertically-aligned-center is-layout-flow wp-container-core-column-is-layout-3ca914a4 wp-block-column-is-layout-flow\" style=\"flex-basis:56%\">\n<h4 class=\"wp-block-heading has-text-color has-inter-font-family\" style=\"color:#536942;font-size:clamp(21.027px, 1.314rem + ((1vw - 3.2px) * 1.474), 34px);font-style:normal;font-weight:400;letter-spacing:-1px\">\u00c9v\u00e9nements, commandes\u2026<\/h4>\n\n\n\n<p class=\"has-text-color\" style=\"color:#839376;padding-right:120px;font-size:clamp(14px, 0.875rem + ((1vw - 3.2px) * 0.455), 18px);\">Bokedenn peut aussi fleurir vos mariages, f\u00eates et autres \u00e9v\u00e9nements. Vous pouvez ainsi venir voir les fleurs au champ et en commander en vrac ou orienter votre  prestataire, organisateur.trice ou fleuriste vers nous. Que vous soyez un\u00b7e professionnel\u00b7le ou un\u00b7e particulier\u00b7e, que vous ayez une id\u00e9e sp\u00e9cifique, une envie avec nos fleurs, que cela soit pour fleurir de plus grandes tables, votre boutique de fleurs avec des tiges et feuillages d&rsquo;ici, contactez-nous pour parler de vos envies et projets !<\/p>\n\n\n\n<div class=\"wp-block-buttons is-layout-flex wp-block-buttons-is-layout-flex\">\n<div class=\"wp-block-button has-custom-font-size is-style-outline is-style-outline--3\" style=\"font-size:14px\"><a class=\"wp-block-button__link has-text-color has-background has-border-color wp-element-button\" href=\"https:\/\/www.bokedenn.fr\/?page_id=589\" style=\"border-color:#839376;border-width:1px;color:#536942;background-color:#ffffff;padding-top:11px;padding-right:30px;padding-bottom:11px;padding-left:30px\">Fleurir plus grand  avec Bokedenn<\/a><\/div>\n<\/div>\n<\/div>\n<\/div>\n\n\n\n<p><\/p>\n","protected":false},"excerpt":{"rendered":"<p>Bokedenn au march\u00e9 Nos bouquets et tiges \u00e0 composer selon vos go\u00fbts et envies sont \u00e0 trouver depuis le d\u00e9but de l&rsquo;\u00e9t\u00e9 sur les march\u00e9s de Lannion (22) le jeudi et de Saint-Brieuc (22) le samedi. Vous trouverez sur le stand fleuri et color\u00e9 de Bokedenn de quoi fleurir \u00e0 votre go\u00fbt et pour chaque [&hellip;]<\/p>\n","protected":false},"author":1,"featured_media":0,"parent":0,"menu_order":0,"comment_status":"closed","ping_status":"closed","template":"","meta":{"footnotes":""},"class_list":["post-587","page","type-page","status-publish","hentry"],"_links":{"self":[{"href":"https:\/\/www.bokedenn.fr\/index.php?rest_route=\/wp\/v2\/pages\/587","targetHints":{"allow":["GET"]}}],"collection":[{"href":"https:\/\/www.bokedenn.fr\/index.php?rest_route=\/wp\/v2\/pages"}],"about":[{"href":"https:\/\/www.bokedenn.fr\/index.php?rest_route=\/wp\/v2\/types\/page"}],"author":[{"embeddable":true,"href":"https:\/\/www.bokedenn.fr\/index.php?rest_route=\/wp\/v2\/users\/1"}],"replies":[{"embeddable":true,"href":"https:\/\/www.bokedenn.fr\/index.php?rest_route=%2Fwp%2Fv2%2Fcomments&post=587"}],"version-history":[{"count":15,"href":"https:\/\/www.bokedenn.fr\/index.php?rest_route=\/wp\/v2\/pages\/587\/revisions"}],"predecessor-version":[{"id":719,"href":"https:\/\/www.bokedenn.fr\/index.php?rest_route=\/wp\/v2\/pages\/587\/revisions\/719"}],"wp:attachment":[{"href":"https:\/\/www.bokedenn.fr\/index.php?rest_route=%2Fwp%2Fv2%2Fmedia&parent=587"}],"curies":[{"name":"wp","href":"https:\/\/api.w.org\/{rel}","templated":true}]}}

<div class="wp-block-cover alignfull" style="margin-top:0;margin-bottom:0;padding-top:0;padding-bottom:0;min-height:450px;aspect-ratio:unset;"><span aria-hidden="true" class="wp-block-cover__background has-background-dim-30 has-background-dim" style="background-color:#735b3e"></span><img fetchpriority="high" decoding="async" width="2560" height="1707" class="wp-block-cover__image-background wp-image-471" alt="" src="https://www.bokedenn.fr/wp-content/uploads/2024/08/IMG_7734-scaled.jpg" style="object-position:48% 33%" data-object-fit="cover" data-object-position="48% 33%" srcset="https://www.bokedenn.fr/wp-content/uploads/2024/08/IMG_7734-scaled.jpg 2560w, https://www.bokedenn.fr/wp-content/uploads/2024/08/IMG_7734-300x200.jpg 300w, https://www.bokedenn.fr/wp-content/uploads/2024/08/IMG_7734-1024x683.jpg 1024w, https://www.bokedenn.fr/wp-content/uploads/2024/08/IMG_7734-768x512.jpg 768w, https://www.bokedenn.fr/wp-content/uploads/2024/08/IMG_7734-1536x1024.jpg 1536w, https://www.bokedenn.fr/wp-content/uploads/2024/08/IMG_7734-2048x1365.jpg 2048w" sizes="(max-width: 2560px) 100vw, 2560px" /><div class="wp-block-cover__inner-container has-global-padding is-layout-constrained wp-container-core-cover-is-layout-6e7f18e7 wp-block-cover-is-layout-constrained">
<h1 class="wp-block-heading has-text-align-center has-young-serif-regular-font-family" style="font-size:clamp(40.387px, 2.524rem + ((1vw - 3.2px) * 4.047), 76px);">à votre tour de fleurir. </h1>
</div></div>



<div class="wp-block-columns alignwide is-layout-flex wp-container-core-columns-is-layout-ca23dd7b wp-block-columns-is-layout-flex" style="margin-top:100px;margin-bottom:70px">
<div class="wp-block-column is-layout-flow wp-block-column-is-layout-flow" style="padding-top:0px;padding-right:0px;padding-bottom:0px;padding-left:0px">
<figure class="wp-block-image aligncenter size-full is-resized has-custom-border"><img decoding="async" width="1526" height="2108" src="https://www.bokedenn.fr/wp-content/uploads/2024/09/IMG_7531.jpg" alt="" class="wp-image-718" style="border-radius:22px;width:368px;height:auto" srcset="https://www.bokedenn.fr/wp-content/uploads/2024/09/IMG_7531.jpg 1526w, https://www.bokedenn.fr/wp-content/uploads/2024/09/IMG_7531-217x300.jpg 217w, https://www.bokedenn.fr/wp-content/uploads/2024/09/IMG_7531-741x1024.jpg 741w, https://www.bokedenn.fr/wp-content/uploads/2024/09/IMG_7531-768x1061.jpg 768w, https://www.bokedenn.fr/wp-content/uploads/2024/09/IMG_7531-1112x1536.jpg 1112w, https://www.bokedenn.fr/wp-content/uploads/2024/09/IMG_7531-1483x2048.jpg 1483w" sizes="(max-width: 1526px) 100vw, 1526px" /></figure>
</div>



<div class="wp-block-column is-vertically-aligned-center is-layout-flow wp-container-core-column-is-layout-3ca914a4 wp-block-column-is-layout-flow" style="flex-basis:56%">
<h4 class="wp-block-heading has-text-color has-inter-font-family" style="color:#536942;font-size:clamp(21.027px, 1.314rem + ((1vw - 3.2px) * 1.474), 34px);font-style:normal;font-weight:400;letter-spacing:-1px">Bokedenn au marché </h4>



<p class="has-text-color" style="color:#839376;padding-right:120px;font-size:clamp(14px, 0.875rem + ((1vw - 3.2px) * 0.455), 18px);">Nos bouquets et tiges à composer selon vos goûts et envies sont à trouver depuis le début de l&rsquo;été sur les marchés de Lannion (22) le jeudi et de Saint-Brieuc (22) le samedi. Vous trouverez sur le stand fleuri et coloré de Bokedenn de quoi fleurir à votre goût et pour chaque porte-monnaie.</p>



<p class="has-text-color" style="color:#839376;padding-right:120px;font-size:clamp(14px, 0.875rem + ((1vw - 3.2px) * 0.455), 18px);">Aussi l&rsquo;occasion de venir discuter avec Isabelle des fleurs que vous aimez, de celles de vos jardins, ou simplement de venir voir nos fleurs. Les bouquets composés, comme les tiges proposées varieront avec les saisons, jusqu&rsquo;au début de l&rsquo;hiver 2025. Et il y a aussi des fleurs séchées !</p>



<h3 class="wp-block-heading has-text-color" style="color:#536942;font-size:clamp(15.197px, 0.95rem + ((1vw - 3.2px) * 0.887), 23px);font-style:normal;font-weight:400">Les jeudis à Lannion et samedis à Saint-Brieuc</h3>



<div class="wp-block-buttons is-layout-flex wp-block-buttons-is-layout-flex">
<div class="wp-block-button has-custom-font-size is-style-outline is-style-outline--1" style="font-size:14px"><a class="wp-block-button__link has-text-color has-background has-border-color wp-element-button" href="https://www.instagram.com/bokedenn.fermeflorale/?utm_source=ig_web_button_share_sheet&amp;igsh=ZDNlZDc0MzIxNw%3D%3D" style="border-color:#839376;border-width:1px;color:#536942;background-color:#ffffff;padding-top:11px;padding-right:30px;padding-bottom:11px;padding-left:30px" target="_blank" rel="noopener">Les actus des marchés à retrouver sur Instagram et Facebook </a></div>
</div>
</div>
</div>



<div class="wp-block-columns alignwide is-layout-flex wp-container-core-columns-is-layout-60dabb8b wp-block-columns-is-layout-flex" style="margin-top:0px;margin-bottom:70px">
<div class="wp-block-column is-layout-flow wp-block-column-is-layout-flow" style="padding-top:0px;padding-right:0px;padding-bottom:0px;padding-left:0px">
<figure class="wp-block-image aligncenter size-full is-resized has-custom-border"><img decoding="async" width="1707" height="2560" src="https://www.bokedenn.fr/wp-content/uploads/2024/08/IMG_7536-scaled.jpg" alt="" class="wp-image-422" style="border-radius:25px;width:372px;height:auto" srcset="https://www.bokedenn.fr/wp-content/uploads/2024/08/IMG_7536-scaled.jpg 1707w, https://www.bokedenn.fr/wp-content/uploads/2024/08/IMG_7536-200x300.jpg 200w, https://www.bokedenn.fr/wp-content/uploads/2024/08/IMG_7536-683x1024.jpg 683w, https://www.bokedenn.fr/wp-content/uploads/2024/08/IMG_7536-768x1152.jpg 768w, https://www.bokedenn.fr/wp-content/uploads/2024/08/IMG_7536-1024x1536.jpg 1024w, https://www.bokedenn.fr/wp-content/uploads/2024/08/IMG_7536-1365x2048.jpg 1365w" sizes="(max-width: 1707px) 100vw, 1707px" /></figure>
</div>



<div class="wp-block-column is-vertically-aligned-center is-layout-flow wp-container-core-column-is-layout-3ca914a4 wp-block-column-is-layout-flow" style="flex-basis:56%">
<h4 class="wp-block-heading has-text-color has-inter-font-family" style="color:#536942;font-size:clamp(21.027px, 1.314rem + ((1vw - 3.2px) * 1.474), 34px);font-style:normal;font-weight:400;letter-spacing:-1px">Dans les points de vente partenaires</h4>



<p class="has-text-color" style="color:#839376;padding-right:120px;font-size:clamp(14px, 0.875rem + ((1vw - 3.2px) * 0.455), 18px);">Bokedenn propose aussi ses bouquets composés dans certains magasins Biocoop des Côtes-d&rsquo;Armor, pour le moment, à Saint-Agathon (Guingamp), Pordic &amp; Robien (Saint-Brieuc) ainsi qu&rsquo;au Potager de l&rsquo;Argoat à Guingamp.</p>



<p class="has-text-color" style="color:#839376;padding-right:120px;font-size:clamp(14px, 0.875rem + ((1vw - 3.2px) * 0.455), 18px);">Cette collaboration avec des points de vente dont nous adoptons les valeurs, appelle à être élargie. Si un endroit que vous fréquentez ou vous travaillez pourrait être intéressé par la vente de nos compositions, n&rsquo;hésitez pas à nous en faire part, toute proposition est bienvenue !</p>



<h3 class="wp-block-heading has-text-color" style="color:#536942;font-size:clamp(15.197px, 0.95rem + ((1vw - 3.2px) * 0.887), 23px);font-style:normal;font-weight:400"></h3>



<div class="wp-block-buttons is-layout-flex wp-block-buttons-is-layout-flex">
<div class="wp-block-button has-custom-font-size is-style-outline is-style-outline--2" style="font-size:14px"><a class="wp-block-button__link has-text-color has-background has-border-color wp-element-button" href="https://www.bokedenn.fr/?page_id=589" style="border-color:#839376;border-width:1px;color:#536942;background-color:#ffffff;padding-top:11px;padding-right:30px;padding-bottom:11px;padding-left:30px">vous souhaitez devenir point de vente</a></div>
</div>
</div>
</div>



<div class="wp-block-columns alignwide is-layout-flex wp-container-core-columns-is-layout-9e1216ef wp-block-columns-is-layout-flex" style="margin-top:0px;margin-bottom:100px">
<div class="wp-block-column is-layout-flow wp-block-column-is-layout-flow" style="padding-top:0px;padding-right:0px;padding-bottom:0px;padding-left:0px">
<figure class="wp-block-image aligncenter size-full is-resized has-custom-border"><img loading="lazy" decoding="async" width="1707" height="2560" src="https://www.bokedenn.fr/wp-content/uploads/2024/08/IMG_7714-scaled.jpg" alt="" class="wp-image-451" style="border-radius:34px;width:382px;height:auto" srcset="https://www.bokedenn.fr/wp-content/uploads/2024/08/IMG_7714-scaled.jpg 1707w, https://www.bokedenn.fr/wp-content/uploads/2024/08/IMG_7714-200x300.jpg 200w, https://www.bokedenn.fr/wp-content/uploads/2024/08/IMG_7714-683x1024.jpg 683w, https://www.bokedenn.fr/wp-content/uploads/2024/08/IMG_7714-768x1152.jpg 768w, https://www.bokedenn.fr/wp-content/uploads/2024/08/IMG_7714-1024x1536.jpg 1024w, https://www.bokedenn.fr/wp-content/uploads/2024/08/IMG_7714-1365x2048.jpg 1365w" sizes="(max-width: 1707px) 100vw, 1707px" /></figure>
</div>



<div class="wp-block-column is-vertically-aligned-center is-layout-flow wp-container-core-column-is-layout-3ca914a4 wp-block-column-is-layout-flow" style="flex-basis:56%">
<h4 class="wp-block-heading has-text-color has-inter-font-family" style="color:#536942;font-size:clamp(21.027px, 1.314rem + ((1vw - 3.2px) * 1.474), 34px);font-style:normal;font-weight:400;letter-spacing:-1px">Événements, commandes…</h4>



<p class="has-text-color" style="color:#839376;padding-right:120px;font-size:clamp(14px, 0.875rem + ((1vw - 3.2px) * 0.455), 18px);">Bokedenn peut aussi fleurir vos mariages, fêtes et autres événements. Vous pouvez ainsi venir voir les fleurs au champ et en commander en vrac ou orienter votre  prestataire, organisateur.trice ou fleuriste vers nous. Que vous soyez un·e professionnel·le ou un·e particulier·e, que vous ayez une idée spécifique, une envie avec nos fleurs, que cela soit pour fleurir de plus grandes tables, votre boutique de fleurs avec des tiges et feuillages d&rsquo;ici, contactez-nous pour parler de vos envies et projets !</p>



<div class="wp-block-buttons is-layout-flex wp-block-buttons-is-layout-flex">
<div class="wp-block-button has-custom-font-size is-style-outline is-style-outline--3" style="font-size:14px"><a class="wp-block-button__link has-text-color has-background has-border-color wp-element-button" href="https://www.bokedenn.fr/?page_id=589" style="border-color:#839376;border-width:1px;color:#536942;background-color:#ffffff;padding-top:11px;padding-right:30px;padding-bottom:11px;padding-left:30px">Fleurir plus grand  avec Bokedenn</a></div>
</div>
</div>
</div>



<p></p>

<p>Bokedenn au marché Nos bouquets et tiges à composer selon vos goûts et envies sont à trouver depuis le début de l&rsquo;été sur les marchés de Lannion (22) le jeudi et de Saint-Brieuc (22) le samedi. Vous trouverez sur le stand fleuri et coloré de Bokedenn de quoi fleurir à votre goût et pour chaque [&hellip;]</p>
